31
Calculate the remainder when 529 is divided by 59.
57
Calculate the remainder when 6062 is divided by 141.
140
Calculate the remainder when 206 is divided by 19.
16
Calculate the remainder when 1134 is divided by 227.
226
What is the remainder when 176 is divided by 40?
16
What is the remainder when 33 is divided by 21?
12
Calculate the remainder when 56 is divided by 9.
2
What is the remainder when 61 is divided by 9?
7
Calculate the remainder when 887 is divided by 33.
29
Calculate the remainder when 180 is divided by 14.
12
Calculate the remainder when 355 is divided by 73.
63
What is the remainder when 571 is divided by 41?
38
What is the remainder when 23261 is divided by 32?
29
What is the remainder when 489 is divided by 145?
54
What is the remainder when 143 is divided by 118?
25
What is the remainder when 56 is divided by 18?
2
What is the remainder when 646 is divided by 24?
22
Calculate the remainder when 304 is divided by 49.
10
What is the remainder when 474 is divided by 106?
50
What is the remainder when 2639 is divided by 853?
80
Calculate the remainder when 406 is divided by 126.
28
What is the remainder when 277 is divided by 72?
61
Calculate the remainder when 334 is divided by 84.
82
What is the remainder when 881 is divided by 59?
55
Calculate the remainder when 6462 is divided by 32.
30
What is the remainder when 5708 is divided by 11?
10
Calculate the remainder when 2225 is divided by 21.
20
What is the remainder when 3825 is divided by 546?
3
Calculate the remainder when 3391 is divided by 6.
1
What is the remainder when 574 is divided by 58?
52
What is the remainder when 189 is divided by 44?
13
What is the remainder when 131 is divided by 12?
11
Calculate the remainder when 323 is divided by 36.
35
What is the remainder when 242 is divided by 31?
25
What is the remainder when 140 is divided by 73?
67
What is the remainder when 24 is divided by 7?
3
Calculate the remainder when 262 is divided by 33.
31
Calculate the remainder when 167 is divided by 75.
17
What is the remainder when 306 is divided by 11?
9
Calculate the remainder when 169 is divided by 36.
25
Calculate the remainder when 95 is divided by 50.
45
Calculate the remainder when 26164 is divided by 42.
40
Calculate the remainder when 5412 is divided by 2699.
14
What is the remainder when 258 is divided by 82?
12
What is the remainder when 189 is divided by 18?
9
What is the remainder when 91 is divided by 24?
19
What is the remainder when 61 is divided by 16?
13
What is the remainder when 423 is divided by 76?
43
Calculate the remainder when 9567 is divided by 6.
3
What is the remainder when 1282 is divided by 594?
94
Calculate the remainder when 221 is divided by 71.
8
Calculate the remainder when 54607 is divided by 16.
15
Calculate the remainder when 76 is divided by 37.
2
What is the remainder when 1816 is divided by 6?
4
Calculate the remainder when 72 is divided by 14.
2
Calculate the remainder when 5867 is divided by 1464.
11
What is the remainder when 156 is divided by 41?
33
What is the remainder when 276 is divided by 17?
4
What is the remainder when 290 is divided by 98?
94
What is the remainder when 42 is divided by 16?
10
Calculate the remainder when 1041 is divided by 29.
26
What is the remainder when 172 is divided by 53?
13
What is the remainder when 125 is divided by 18?
17
What is the remainder when 209 is divided by 15?
14
Calculate the remainder when 1784 is divided by 593.
5
Calculate the remainder when 323 is divided by 18.
17
Calculate the remainder when 292 is divided by 59.
56
Calculate the remainder when 3351 is divided by 61.
57
Calculate the remainder when 208 is divided by 3.
1
What is the remainder when 82 is divided by 47?
35
Calculate the remainder when 782 is divided by 65.
2
What is the remainder when 1381 is divided by 363?
292
Calculate the remainder when 57 is divided by 32.
25
What is the remainder when 418 is divided by 72?
58
What is the remainder when 1568 is divided by 102?
38
Calculate the remainder when 116 is divided by 34.
14
What is the remainder when 1336 is divided by 1317?
19
What is the remainder when 102 is divided by 26?
24
Calculate the remainder when 996 is divided by 101.
87
What is the remainder when 132 is divided by 68?
64
What is the remainder when 2439 is divided by 111?
108
What is the remainder when 644 is divided by 106?
8
What is the remainder when 940 is divided by 133?
9
Calculate the remainder when 93 is divided by 31.
0
Calculate the remainder when 1377 is divided by 60.
57
What is the remainder when 327 is divided by 109?
0
Calculate the remainder when 2940 is divided by 29.
11
Calculate the remainder when 68 is divided by 6.
2
What is the remainder when 98 is divided by 33?
32
Calculate the remainder when 172 is divided by 21.
4
Calculate the remainder when 55 is divided by 28.
27
Calculate the remainder when 624 is divided by 57.
54
Calculate the remainder when 105 is divided by 19.
10
Calculate the remainder when 1093 is divided by 44.
37
Calculate the remainder when 134 is divided by 49.
36
What is the remainder when 6227 is divided by 18?
17
What is the remainder when 37842 is divided by 145?
142
What is the remainder when 2068 is divided by 19?
16
What is the remainder when 628 is divided by 15?
13
Calculate the remainder when 1030 is divided by 61.
54
Calculate the remainder when 201 is divided by 3.
0
What is the remainder when 116 is divided by 24?
20
What is the remainder when 2549 is divided by 17?
16
What is the remainder when 3563 is divided by 102?
95
What is the remainder when 1572 is divided by 166?
78
What is the remainder when 145 is divided by 7?
5
What is the remainder when 9763 is divided by 24?
19
What is the remainder when 436 is divided by 88?
84
Calculate the remainder when 40341 is divided by 41.
38
Calculate the remainder when 1682 is divided by 99.
98
What is the remainder when 1183 is divided by 230?
33
Calculate the remainder when 422 is divided by 25.
22
Calculate the remainder when 377 is divided by 19.
16
What is the remainder when 145 is divided by 31?
21
Calculate the remainder when 59 is divided by 32.
27
What is the remainder when 467 is divided by 69?
53
Calculate the remainder when 1433 is divided by 88.
25
Calculate the remainder when 412 is divided by 46.
44
What is the remainder when 577 is divided by 29?
26
Calculate the remainder when 2066 is divided by 57.
14
What is the remainder when 5961 is divided by 21?
18
Calculate the remainder when 344 is divided by 62.
34
What is the remainder when 19 is divided by 2?
1
What is the remainder when 2867 is divided by 99?
95
What is the remainder when 254 is divided by 44?
34
What is the remainder when 207 is divided by 68?
3
Calculate the remainder when 5261 is divided by 14.
11
Calculate the remainder when 12581 is divided by 22.
19
Calculate the remainder when 424 is divided by 10.
4
Calculate the remainder when 65 is divided by 5.
0
Calculate the remainder when 2750 is divided by 550.
0
What is the remainder when 370 is divided by 125?
120
What is the remainder when 164 is divided by 56?
52
Calculate the remainder when 110 is divided by 46.
18
Calculate the remainder when 115 is divided by 41.
33
What is the remainder when 5310 is divided by 16?
14
What is the remainder when 120 is divided by 48?
24
Calculate the remainder when 1664 is divided by 111.
110
Calculate the remainder when 16517 is divided by 280.
277
Calculate the remainder when 136 is divided by 63.
10
Calculate the remainder when 78 is divided by 27.
24
Calculate the remainder when 4148 is divided by 297.
287
Calculate the remainder when 499 is divided by 163.
10
What is the remainder when 707 is divided by 71?
68
Calculate the remainder when 791 is divided by 61.
59
What is the remainder when 127 is divided by 16?
15
What is the remainder when 629 is divided by 18?
17
What is the remainder when 6 is divided by 3?
0
Calculate the remainder when 242 is divided by 232.
10
Calculate the remainder when 2948 is divided by 25.
23
Calculate the remainder when 1265 is divided by 38.
11
Calculate the remainder when 305 is divided by 7.
4
What is the remainder when 287 is divided by 18?
17
Calculate the remainder when 420 is divided by 3.
0
